e units digit of (11 - 4) + j + 1 + -3?
6
Suppose -3*q + 5*z = -106, 5*z + 138 = -q + 5*q. Let j = q + 144. What is the tens digit of j?
7
Let z(a) be the second derivative of -17*a**3/6 + a**2 + a. Let b(i) = i**3 - i**2 - 2*i - 1. Let k be b(-1). What is the tens digit of z(k)?
1
Suppose 2*h = -5*k + 2934, -3*k + 3*h + 1750 = -h. What is the hundreds digit of k?
5
Suppose 5 = -z, -2*o - 338 = -4*z - 2326. What is the hundreds digit of o?
9
Suppose 4 = 3*m - 11. Suppose 0 = -m*o - n + 16, 2*o - o - 5*n = -2. Suppose q - 116 = -o*q. What is the tens digit of q?
2
Let s(k) = -k + 14. Let o be s(9). Let t = -5 + o. Suppose t = -3*b + b + 26. What is the units digit of b?
3
Let n = 62 + -83. Let k = n - -93. What is the tens digit of k?
7
Suppose 0 = 4*f - 3*z + 15, -4*f + 4*z + 0*z - 20 = 0. Let m(g) = -2*g**2 + 0*g**2 + g**2 + 46. What is the tens digit of m(f)?
4
Let c(l) be the first derivative of -5*l**2 - 4*l - 74. Let f(y) = 2*y + 2. Let m be f(-3). What is the units digit of c(m)?
6
What is the thousands digit of 1968 + (-8)/((-80)/(-90))?
1
Suppose 5*s + 3 = 2*s. What is the units digit of 8/(-24)*(s - 23)?
8
Let l(v) = 2*v**2 + 3*v - 9. Let u be l(-6). What is the hundreds digit of ((2 + u)*6)/2?
1
Let t = -2489 + 4097. What is the units digit of t?
8
Suppose -z + 2*k = -170, -3*z + 4*k + 27 = -473. What is the units digit of z?
0
Let t = -7 + 11. Suppose 126 = t*p - 198. What is the tens digit of p?
8
What is the hundreds digit of 5331/6 + 6/(-12)?
8
Let z(c) = 26*c + 12. Let p(u) = -u**3 - 5*u**2 - 7*u - 8. Let j be p(-4). What is the hundreds digit of z(j)?
1
Suppose 589 = -6*q - 287. Let h = -14 - q. What is the hundreds digit of h?
1
Let t = -105 - -107. Suppose -2*z - 366 = -t*v - 5*z, -2*v - 2*z + 366 = 0. What is the tens digit of v?
8
Let b(y) = 3*y**2 + 33*y - 125. What is the thousands digit of b(20)?
1
Let r be 10*((-16)/10 - -2). What is the units digit of 2 + 99 - (-8)/r?
3
Suppose -4818 - 23766 = -12*p. What is the tens digit of (-13)/((-117)/p) + (-1)/(-3)?
6
Let u(c) = c - 3. Let d be u(7). Suppose -d*q + 443 = 59. Suppose 4*o + 5*x + 4 - 169 = 0, 0 = 2*o - 2*x - q. What is the tens digit of o?
4
Suppose 5*j = 4*k + 2*j - 5, 20 = 4*j. Let y(s) = -s**3 + 6*s**2 + 5*s - 2. Let m be y(k). Let h = 78 - m. What is the tens digit of h?
3
Let b = -9 - -4. Let n = -81 + 65. Let q = b - n. What is the tens digit of q?
1
Let n(p) = -p**2 - 11*p - 3. Let l be n(-8). Let c = l - 0. What is the units digit of c?
1
Let k = 3192 + -1640. What is the units digit of k?
2
Suppose -2*v + y + 166 = v, 3*y - 286 = -5*v. What is the tens digit of v - (1 + -2) - 4?
5
Suppose 0 = 5*x - z - 1939, 493 - 2037 = -4*x - z. What is the hundreds digit of x?
3
Suppose -10*o + 0*o = -1040. What is the units digit of o?
4
Suppose 0 = 2*j - 5*o - 0*o - 2355, -o + 3507 = 3*j. Suppose -54*z - j = -60*z. What is the hundreds digit of z?
1
Let o = 76 + -74. Suppose 3*x + 2*h = 73, -x - o*h = -7*h - 30. What is the tens digit of x?
2
Let i(w) = 36*w**3 - w**2 + w + 1. Let c be i(-1). Let l = c + 104. What is the units digit of l?
7
Suppose 7*i + 110 - 1146 = 0. What is the units digit of i?
8
Suppose 3*l + 5521 = 5*a, -2*l - 3*l = -a + 1113. What is the units digit of a?
3
Suppose -20*j + 5643 = -9*j. What is the units digit of j?
3
Let j(r) = 11*r**3 + 21*r**2 - 21*r - 47. Let g(m) = -5*m**3 - 11*m**2 + 10*m + 23. Let v(q) = -9*g(q) - 4*j(q). What is the tens digit of v(-15)?
7
Suppose -m = -2, -14*o + 12*o - 4*m = -128. What is the tens digit of o?
6
Let d = -221 + 358. Suppose 2*n = i + 136 + d, 5 = -5*i. What is the units digit of n?
6
What is the hundreds digit of (-8)/10 + 49312/40?
2
Let v(l) be the second derivative of l**5/5 - l**4/12 + l**2/2 + 3*l. Let x be v(1). Suppose 2*p - x*p = -98. What is the units digit of p?
9
Suppose 38*v = -9849 + 74373. What is the thousands digit of v?
1
Let g(c) = 4*c**2 - c. Let y be g(1). What is the units digit of 4/6 - (-85)/y?
9
Let k = -41 - -25. What is the units digit of 72 + (-24)/9*12/k?
4
Let x = 594 + 330. What is the hundreds digit of x?
9
Let c(y) = -6*y**2 - 110*y + 164. Let k(x) = x**2 + 22*x - 33. Let u(q) = -2*c(q) - 11*k(q). What is the tens digit of u(21)?
1
Let i be (-220)/(-35) - 8/28 - 2. What is the units digit of 2 + 102 + 12/i?
7
Let h be (-11 - 0)*12/(-12). Let c(p) = -p + 4. Let g be c(4). Suppose -4*a + h + 25 = g. What is the units digit of a?
9
Suppose r + 445 = t, 4*t - 3*r - 2233 = -t. What is the hundreds digit of t?
4
Let k(q) = -q**3 + 4*q**2 + 16*q + 4. What is the units digit of k(4)?
8
Suppose -h - 225 = 2*r + 2*h, -4*h + 12 = 0. Suppose 0 = 13*j - 3*j + 1650. Let y = r - j. What is the units digit of y?
8
Let n(u) = -u**2 - 2*u - 1. Let g be n(-1). Suppose g = -0*a - 2*a. What is the tens digit of -2 + 17 + a + 1?
1
Suppose 4*g - 2*g + 6 = 0. Let v(c) = -c**2 - 3*c + 4. Let r be v(g). Suppose -a = -4*u + 49, -14 = 2*a - r. What is the units digit of u?
1
Suppose 6*a = 17 + 7. Suppose -14*m + 2150 = -a*m. What is the hundreds digit of m?
2
Let j(p) = 7*p**3 - 11*p**2 - 17*p + 5. Let k(w) = -6*w**3 + 10*w**2 + 16*w - 5. Let z(x) = -5*j(x) - 6*k(x). What is the tens digit of z(7)?
2
Suppose -4*v + 8 = -8. Suppose v*a = 4 + 4. Suppose 3*i + 5*g = 53, a*i - g - 6 = 25. What is the tens digit of i?
1
Let r be ((-1)/(-5))/(12/2820). Suppose 4*g - 7*g + 2*y = -52, -3*g + y = -r. What is the units digit of g?
4
Let p(m) = 141*m + 134. What is the hundreds digit of p(7)?
1
Let s = 33 - -465. What is the tens digit of s?
9
Let t(y) = y**2 - 322. Let a be t(0). Let v = -225 - a. What is the units digit of v?
7
Let i(d) = 3*d**2 - 7*d - 15. Let k be i(9). Let t = k + -82. What is the tens digit of t?
8
Suppose 6*r - 7*r = 0. Suppose r = 2*s - 7 + 5. What is the units digit of s?
1
What is the units digit of (9*-1)/(-5 + 7454/1492)?
8
Suppose -8 = -2*h + 3*h. Let q(u) = u**3 + 7*u**2 - 12*u - 5. Let j be q(h). Suppose 0 = -3*c - 2*p + 19 + 62, p = c - j. What is the tens digit of c?
2
What is the hundreds digit of 4686/24 + 12/16 + -1?
1
What is the units digit of 30*(-294)/(-9) + 7?
7
Let s(u) be the second derivative of -67*u**5/10 - u**3/3 - u**2 - 11*u. What is the hundreds digit of s(-1)?
1
Let q(l) = -l**3 + l**2 - 3*l + 9. Let c be q(5). Let i = 12 - c. What is the tens digit of i?
1
Let w(b) = -b + 1. Let n be w(2). Let f(h) = -33*h - 2. What is the tens digit of f(n)?
3
Let m = -8 + 10. Suppose 4*a = -m - 66. Let c = 53 + a. What is the tens digit of c?
3
What is the tens digit of 869 - (-2 + (-8 - -9))?
7
Suppose 0 = 2*x - 0*x - 4. Suppose -x*p + 4*p + 3*s - 121 = 0, -2*s - 96 = -2*p. Suppose 0 = -g + 2*c - 13 + p, -c + 99 = 3*g. What is the units digit of g?
4
Let n = 14 + -1. Suppose -x + 2*c = -51 + n, -34 = -x + c. Suppose -x = -0*a - a. What is the units digit of a?
0
Suppose 0 = 2*g - i - 0*i + 79, 4*g = 4*i - 160. Let f = 183 + g. What is the tens digit of f?
4
Suppose 5*j = -z + 2, 6 = 2*z - 4*j + 2. Suppose 3*c - 291 = -3*p, z*p - c - 378 = -2*p. What is the units digit of p?
5
Suppose 4*j + 286 = -5*i, 2*j + 16 + 116 = 3*i. Suppose 0 = -v + 5*n - 68, 3*v - 5*n + 48 + 116 = 0. Let x = v - j. What is the units digit of x?
1
Let p = 30 + -15. Suppose -p = -0*n - 3*n. What is the units digit of n + (3 - 5) + 0?
3
Let b(g) = -3*g + 29. Let i be (-186)/(-15) - 8/20. Let x be b(i). Let y = x + 29. What is the tens digit of y?
2
Let f be 4 + 2 + 16/(-2). Let k = f - -2. Suppose k = -4*v + 127 + 45. What is the units digit of v?
3
Let p(c) = -49*c + 174. What is the units digit of p(-62)?
2
Suppose 4200 = -0*k + 28*k. What is the units digit of k?
0
Let w = -11 - -18. Suppose y - n - 17 = 4*n, -w = y + n. What is the units digit of (-5 - 1)/(y/8)?
6
Let c = -19 - -21. Suppose c*b - 5*b + 237 = 0. What is the units digit of b?
9
Let y(s) = 8*s**2 - 15*s + 8. What is the tens digit of y(8)?
0
Suppose 9*n = 16*n - 11333. What is the tens digit of n?
1
Let n(y) = -y - 5. Let q be n(-8). Suppose 5*j - 171 = -2*p, -2*j - q*p - 90 = -5*j. What is the tens digit of j?
3
Let h(u) be the first derivative of 2*u**3/3 + 3*u**2 + 11*u - 1. Suppose 0 = -4*r + 14 - 2, 25 = -2*n + 5*r. What is the units digit of h(n)?
1
Suppose -272 = -b + 1721. What is the tens digit of b?
9
Suppose 0 = -5*b